9
Suppose -j + 4*d + 3 = -3, 5*d = -4*j + 24. Let f = -16 + 49. Suppose -h = j - f. What is the remainder when h is divided by 14?
13
Let h(n) = 20*n + 172. Let s be h(-9). Calculate the remainder when 200 is divided by (-129)/(6 - 9) - s.
47
Let j(u) = 24*u + 696. Calculate the remainder when j(-7) is divided by 76.
72
Suppose 0 = -8341*s + 8377*s - 16812. Calculate the remainder when s is divided by 24.
11
Calculate the remainder when 56168/40 + (-8)/40*1/1 is divided by 38.
36
Let g(j) = -j**2 - 19*j + 5. Let t be g(-18). Suppose -1439 = -t*n + 976. What is the remainder when n is divided by 35?
0
Suppose -151*c + 25508 + 1823 = 0. Calculate the remainder when 573 is divided by c.
30
Let n(m) be the second derivative of m**5/20 - 5*m**4/4 - 5*m**3/3 + 17*m**2 + 234*m. Calculate the remainder when 398 is divided by n(16).
8
Suppose 5*k + 4*i + 4030 = 0, -3*k - i + 4*i - 2391 = 0. Let j = k - -1021. Calculate the remainder when j is divided by 55.
54
Let n(r) = -r**3 + 7*r**2 + 18*r - 18. Let v be n(7). Suppose 3*t + v = 2*c - 41, 3*c - 234 = t. What is the remainder when c is divided by 20?
19
Let r = 4 - 8. Let k(s) = -s**3 - 6*s**2 - 10*s - 2. Let h be k(r). Suppose 0 = -4*p + h*p - 12. Calculate the remainder when 13 is divided by p.
1
Let j = 1 + 0. Suppose 0 = -f + 6 - 1, -3*i + 4*f = -j. Suppose 5*g + s - 145 = 0, -3*g - 116 = -i*g + 2*s. What is the remainder when 54 is divided by g?
25
Suppose 0 = u - 5*f + 15, 3*u + 6*f - 35 = f. Suppose -22*n + 442 = -u*n. What is the remainder when 207 is divided by n?
25
Let j(l) = -11*l - 4*l + 26 + 7*l**2 + 2*l**2 + 3*l. Calculate the remainder when j(3) is divided by 37.
34
Suppose -3*r + 159 + 283 = 4*a, 0 = 2*a - 3*r - 194. Calculate the remainder when 188 is divided by a.
82
What is the remainder when 720 is divided by 24*(-8)/(-16) + 10?
16
Let h(x) = -94*x**3 - x**2 + 1. Let v be (-5)/10 + 1/(-2). Calculate the remainder when h(v) is divided by (8/(-6))/((9 - -1)/(-360)).
46
Suppose 23*v - 18*v = -3*f + 1072, 2*f = -4*v + 858. Calculate the remainder when v is divided by 20.
15
Suppose 0 = -v - 3*g + 427, 3*g + 1708 = 4*v - 0*g. Let t = v + -382. What is the remainder when 108 is divided by t?
18
Suppose 52*m + 218*m - 116851 = 43529. Calculate the remainder when m is divided by 35.
34
Suppose -5*g - 3*d = -2089, -179*g + 1670 = -175*g + 3*d. Calculate the remainder when 438 is divided by g.
19
Let m(q) = 79*q + 171. Let h be m(-11). Let x = h + 778. Calculate the remainder when 251 is divided by x.
11
Suppose -3*d - 4866 = -3*h, -h + 763 = -5*d - 871. Calculate the remainder when h is divided by 8.
3
What is the remainder when 10952/6*(-3699)/(-548) is divided by 12?
9
Suppose 37*f = r + 40*f - 36, f + 107 = 2*r. Suppose 2*n = 5*h + 35, 0*n - n + 25 = -5*h. What is the remainder when r is divided by n?
1
Let a = 3396 + -3356. Calculate the remainder when 240 is divided by a.
0
Suppose w - 4*k - 49 = -0, -9*w + 2*k + 577 = 0. What is the remainder when 2142 is divided by w?
62
Let h = 1253 + -1124. What is the remainder when 247 is divided by h?
118
Let t = 256 - 263. Let f(v) = -12*v - 56. Calculate the remainder when f(t) is divided by 25.
3
Let z = 11058 - 11043. What is the remainder when 2189 is divided by z?
14
Let f(p) = p**3 - 10*p**2 + 2*p + 3. Let h be f(10). Let y = 42 - h. Suppose 3*t - 49 + y = 0. What is the remainder when 99 is divided by t?
9
Suppose -407*i - o - 30520 = -411*i, 0 = -i + o + 7630. What is the remainder when i is divided by 8?
6
Calculate the remainder when 1267 is divided by (-18)/(-4)*29/174*(-1336)/(-3).
265
Let r = -6 + 15. Suppose 10*i - 5 = 45. Suppose 0 = -c - i*f + 49, 2*c - 125 = -3*f - 34. What is the remainder when c is divided by r?
8
What is the remainder when 199004/267*(2 - -1) is divided by 77?
3
Let f(w) = -738*w - 6513. Suppose -39 = -3*z - 0. What is the remainder when f(-9) is divided by z?
12
Let b = 744 + -284. What is the remainder when b is divided by 51?
1
Suppose 737*p - 66080 = 681*p. What is the remainder when p is divided by 74?
70
Suppose -5*s = 13 + 7, -3*r + 3*s + 96 = 0. Calculate the remainder when (2976/(-56))/((-8)/r) is divided by 21.
18
Let g = -1792 + 1651. Let q(u) = u**3 + 3*u**2 - 2*u + 3. Let f be q(6). Let d = g + f. What is the remainder when d is divided by 35?
34
Let p(u) = 6*u**3 - 3*u**2 - 4*u. Let m = 38 + -35. Suppose -3*x - 5 = -5*r + 4, m*r - 11 = -x. What is the remainder when 111 is divided by p(x)?
27
Suppose -5*i - 4*k = 6, 3*k + 1 + 3 = -4*i. Let s(h) = 17*h - 242 + 120 + 128. Calculate the remainder when s(i) is divided by 9.
4
Let y = 826 - -146. Suppose 39*x - y = 21*x. Calculate the remainder when 105 is divided by x.
51
Let d be (-1*1)/(-2 + 3). Suppose 11114*w = 10976*w + 552. What is the remainder when w is divided by (-2 - -1)*d*3?
1
Suppose 6*z - 2781 = -396 + 2679. What is the remainder when z is divided by 9?
7
Suppose 838 - 2436 = -17*p. Suppose -p = -19*n + 172. Calculate the remainder when (-2)/(-6) + (-77)/(-3) is divided by n.
12
Suppose -4*g + 3*v + 31 = -2*g, -5*g + 115 = 5*v. Let z(l) = 801*l - 11175. Calculate the remainder when z(14) is divided by g.
19
Suppose 0 = z - 1 - 3. Suppose z*u + 69 = 81. Suppose c = s - c - 52, -c - u = 0. What is the remainder when s is divided by 24?
22
Let w = 103380 + -103374. Suppose 0 = -2*d + 2*s + 156, 0*d + 3*d - 244 = -2*s. Suppose 2*y + 2*y - d = 0. What is the remainder when y is divided by w?
2
Let r(w) be the second derivative of -5*w**3/6 - 69*w**2 - 2*w - 14. Calculate the remainder when r(-31) is divided by 4/16 + 27/4.
3
Let s(n) = 15*n**2 - 12*n + 37. Calculate the remainder when s(11) is divided by 69.
64
Let j(i) = -11*i - 153. Let y be j(-30). Suppose -n + 12*w + y = 11*w, 3*w = n - 177. What is the remainder when n is divided by 54?
15
Let q be -2 + 43 - -4 - 12/4. Suppose -2*c = 3*c - 3*b - q, -37 = -4*c - b. What is the remainder when 105 is divided by c?
6
Let u = -130 - -220. Let c = 102 - u. Suppose c*z - 22*z = -110. What is the remainder when 16 is divided by z?
5
Let d = -45 + 45. Let v be (-4 - (-5 - d)) + 62. Suppose 0*u + 3*u - 58 = 2*i, -3*u = -3*i - v. Calculate the remainder when 94 is divided by u.
14
Suppose 68*n - 4654 = 2*n + 1946. Calculate the remainder when 476 is divided by n.
76
Let b = -9727 - -9772. What is the remainder when 619 is divided by b?
34
What is the remainder when -21 - 83/((-747)/9990) is divided by 348?
45
Suppose 4*s + 4 = 5*a - 25, 0 = 2*a + 6. Let t(l) = 3*l + 83. Let i(j) = 9*j - 1. Calculate the remainder when t(s) is divided by i(3).
24
Suppose -3*a + 2*i = -3090, 6*a - 2*i - 5154 = a. Let x = a - 955. Let h = 23 - 10. Calculate the remainder when x is divided by h.
12
Suppose -4*a + 65 = a - v, v - 75 = -5*a. Suppose 0 = -1342*b + 1334*b + 24. Suppose a*g - b*g - 627 = 0. Calculate the remainder when g is divided by 12.
9
Suppose a = p - 5, 0 = 6*p - p - 25. Suppose d - 6 - 21 = a. Calculate the remainder when (28/10)/(784/36960) is divided by d.
24
Suppose 8*i = 3*i + 20, -2*t + 40 = 4*i. Let v = -473 - -494. What is the remainder when (-2 - t/(-8))*-206 is divided by v?
19
Suppose 17*k - 36 = 26*k. Let c be (5 + 162 - 1) + k. Suppose 2*n - 4*p - 283 + 89 = 0, 2*n = -4*p + c. Calculate the remainder when n is divided by 24.
17
Let v = -1369 - -1411. What is the remainder when 280 is divided by v?
28
Let a(r) = -8*r**2 - 62*r - 31. Let t(n) = 22*n - 3. Suppose 5*m - 7 = 3. What is the remainder when t(m) is divided by a(-7)?
8
Suppose -773*b + 1304*b + 24239 = 783*b + 7607. What is the remainder when b is divided by 62*(-1)/(-2 + 0)?
4
Let g = -174 + 178. Suppose -4*w + 61 = 4*q - 79, -w + g*q + 25 = 0. Calculate the remainder when 97 is divided by w.
31
Suppose -45*w - 154*w = -84973. Calculate the remainder when 886 is divided by w.
32
Let i = -8703 - -8716. Let g(o) = -o + 4. Let n(r) = -3*r + 13. Let m(q) = 7*g(q) - 2*n(q). Calculate the remainder when i is divided by m(-5).
6
Suppose -5483 + 863 = -77*w. What is the remainder when 1137 is divided by w?
57
Let u(l) = -56*l**3 - 39*l**2 - 73*l + 4. Calculate the remainder when u(-2) is divided by 61.
15
Let d = -148 + 199. Suppose d + 45 = 4*j. Calculate the remainder when 38 is divided by j.
14
Suppose -54*x = -56*x + 6*i + 3